v) = 481*v**2 + 13*v + 2. Let f = -533 + 528. Is o(f) a composite number?
True
Suppose 87*a - 2043938 = -670469. Is a a composite number?
False
Let j(y) = 199*y**2 + 17*y + 161. Is j(-7) a composite number?
True
Suppose 216*o - 222858 = 162*o. Is o a composite number?
False
Let t be -4*(-985)/20 - 2. Let h(m) = t - 11*m + 685 - 51. Is h(0) composite?
False
Suppose 4*i - 2671 = 11437. Suppose 16*a + i = 39575. Is a a composite number?
True
Let c be (-827 - -7)/(1*-1). Suppose c = u + 240. Let h = u + 51. Is h a composite number?
False
Let j(a) = 129 + 232*a - 83*a - 7 + 87. Is j(20) prime?
False
Let v = 1884 + 5715. Suppose 0 = -3*r - v - 5640. Is 2*(-2)/12*r a prime number?
True
Suppose 19002*f - 26274886 = 18980*f. Is f prime?
False
Suppose -680*s - 34788270 + 127750483 + 28270227 = 0. Is s a prime number?
False
Is (-10 + 15)*(-1375995)/(-75) a prime number?
True
Suppose 0 = -5*o - 2*j + 1486, o = j - 4*j + 292. Let u = 589 - o. Is u composite?
True
Let q(u) = 3*u + 51. Let x be q(-15). Suppose -4 = 5*a + x. Is 1355 + -7 + 6/a composite?
True
Let m(o) = 20*o - 7. Let x be m(1). Suppose -x*c - 4834 = -31523. Is c a prime number?
True
Let t(x) = -2*x + 4. Let v be t(4). Let h(y) = -480*y + 41. Let c(o) = -240*o + 20. Let r(d) = -5*c(d) + 3*h(d). Is r(v) composite?
False
Suppose -4*f = -5*v - 1, 2*v - 18 = -3*f - 0. Suppose -5*c + v*k + 23092 = 0, 0*c + 3*k = 3*c - 13854. Is c prime?
False
Let o(i) be the second derivative of i**3/6 + 2*i**2 - 30*i. Let j be o(-4). Is j/4 - -1048 - 5 composite?
True
Let j(c) = 2*c**3 + 2*c + 15049. Is j(0) a prime number?
False
Let y(i) = -7*i + 2. Let k be y(-3). Let h = k - 18. Suppose 0 = -2*j + 3*j - 2*w - 55, -261 = -h*j - 4*w. Is j a composite number?
False
Is 90962*34/44 - 11*30/(-1815) composite?
False
Let n(k) = -4*k**3 + 2*k**2 + 7*k - 2. Let a be n(-10). Is 3 - -2 - ((-7 - a) + 1) a prime number?
True
Suppose -9*c = -22*c + 117. Suppose 0 = c*p - 95515 - 13520. Is p a composite number?
True
Let s be ((-3896)/20)/((-1)/30). Let b = s - -16509. Is b a composite number?
True
Suppose 3*i = 2*u + 4, -9 = 7*i - 10*i - 3*u. Suppose 0 = 4*a - i*z + 52, 3*a - a + 2*z = -14. Is 67/(10/a - -1) prime?
False
Suppose -207*n + 205*n + 16962 = -4*m, 2*m + 16954 = 2*n. Is n a prime number?
False
Suppose 54346599 = 595*r - 39658046. Is r a composite number?
False
Suppose -2576*h = -2564*h - 2991804. Is h a prime number?
True
Let k(n) = -n**2 + 2*n + 2. Let i be k(2). Let a(p) = -5*p - 2. Let o be a(i). Is o/(-36) + 257/3 prime?
False
Suppose b - 3 = 2*k + 3, 16 = 5*b - 3*k. Suppose 0*t + t = -b*t. Suppose 3*x + 21 - 78 = t. Is x a composite number?
False
Let p(h) = 54*h**2 + 3*h + 3. Let a be p(4). Let t be ((-16)/(-12))/(1/3). Suppose 0 = 2*q + 2*q + j - 3448, a = q - t*j. Is q prime?
True
Suppose -6*n + 2 = -d - 2*n, 0 = 2*n - 2. Suppose -d*g + 6 = -0*g. Suppose -g*j + 710 = 5. Is j a composite number?
True
Let a(y) = -y**2 - 2*y - 16. Let c be a(-8). Let b = c + 317. Is b prime?
False
Let x be (0 - 3/(-4)) + (-25)/(-4). Let r be -8 + x - (-1 + 0). Suppose 5*u + r*a - 6315 = 2*a, -4*a - 20 = 0. Is u prime?
False
Let v(m) = 3*m**3 - 6*m**2 - 3*m + 13. Suppose 2*w + 2*w = 24. Let p be v(w). Let c = -300 + p. Is c a composite number?
False
Let f = -4520 + 7748. Let o = f + -4816. Is ((-32)/(-128))/((1*-1)/o) prime?
True
Let m(y) = -y**2 - 32*y - 63. Let g be m(-2). Is 10639 + ((-4)/g)/(44/(-66)) a prime number?
False
Let w = 161490 + -39109. Is w a prime number?
False
Suppose 20*v - 17*v = 0. Suppose n + 0 - 11 = v. Suppose -n*x + 4*x = -10885. Is x composite?
True
Let j be (-16 + 39)/((-2)/(-6)). Suppose -75*b + j*b = -7890. Is b prime?
False
Let m(x) = -8*x**3 - x**2 - 11*x - 5. Let b(l) = -32*l**3 - 4*l**2 - 44*l - 20. Let q(p) = -2*b(p) + 9*m(p). Is q(-6) prime?
True
Let o(a) = -1578*a + 1. Let g be o(1). Let t be (-72)/((-6)/(206 - 8)). Let q = g + t. Is q composite?
True
Let o = -4950 - -429. Let m = o - -8110. Is m prime?
False
Suppose 0 = -16*q + 15*q + 67. Let z = -65 + q. Suppose 5*y - z*c - 4555 = 0, -c - 1701 = -4*y + 1943. Is y composite?
False
Let s(y) = 68*y**2 + 66*y + 1961. Is s(-37) a composite number?
True
Let z(j) = 98*j**3 + 17*j**2 + 29*j - 1. Is z(9) a composite number?
False
Let c(i) = -i**2 + 11*i - 6. Let y = -50 + 54. Let j be c(y). Suppose 18*t + 508 = j*t. Is t prime?
True
Suppose 71*u - 68*u - 57 = 0. Suppose 0 = u*x - 6*x - 1001. Is x composite?
True
Suppose 13*j - 16*j + 15 = 0. Let u(o) = 497*o + 22. Let l be u(j). Let n = l - 1224. Is n a prime number?
True
Suppose 2*x = 14, 2*x + 137533 - 473269 = -2*l. Is l prime?
True
Suppose 0 = -8*t - 34 - 94. Let z = t - 2. Is -1*(-38)/4 + z/(-12) a composite number?
False
Suppose 6*r = 1971 - 171. Let g = 962 - r. Is g a prime number?
False
Let f = 0 - -17. Let n = f + -12. Is (149*n)/((-1)/(-3)*3) prime?
False
Let v(b) = -b**2 + 15*b + 49. Let d be v(18). Is 61*d/20*-116 a prime number?
False
Suppose 4*k = 5451 - 1891. Let m be (-1 + 5/2)/(41 + (-5525)/136). Suppose -4*l + 3*w + k = 0, -2*l = w + m*w - 432. Is l prime?
False
Let m(q) = -4*q**2 + 37*q + 57. Let x(b) = 3*b**2 - 25*b - 38. Let a(r) = 5*m(r) + 7*x(r). Let l be a(-6). Is (l + (-3)/(-3))/(4/(-178)) composite?
True
Suppose 10*h - 445 = -415. Suppose 0 = h*o - 34784 + 11399. Is o a prime number?
False
Let q = 90671 - 32644. Is q a prime number?
True
Let o(s) = 2869*s**2 - 87*s - 183. Is o(-2) a composite number?
False
Let c(p) = 159*p**2 - 15*p - 1. Suppose -80*z - 5 = -81*z. Is c(z) a prime number?
False
Suppose 2*y - 4*v + v = 1804048, -3*y + 2706093 = -v. Is y prime?
False
Let x = 9947 + -4446. Is x prime?
True
Suppose -u = -2, -7 - 38 = -5*h - 5*u. Suppose h*w = -0*w + 4445. Is w prime?
False
Let v(o) = -o**2 + 3*o**2 + 0*o**2 - o**2 - 2*o + 504. Let r be v(0). Let u = -5 + r. Is u a prime number?
True
Suppose -5*w - 19506 + 5666 = 0. Let v = 6442 - w. Is (v/40)/(2/8) a composite number?
True
Suppose -5*m - 2*c + 2128387 = 0, -3*c - 880918 + 2583629 = 4*m. Is m composite?
True
Let i(m) = m**3 + 34*m**2 - 39*m - 55. Let f be i(-24). Let r = f - 4714. Is r a prime number?
False
Let k = 328347 + -190784. Is k a prime number?
False
Let v(s) be the first derivative of 575*s**2/2 - 120*s + 45. Is v(13) prime?
False
Let d(b) = -b**3 + 14*b**2 - 21*b + 10. Let i be d(12). Is (-2459)/((-6)/(-28)*i/(-69)) a prime number?
False
Suppose 4*u + 71 = 247. Let m = 49 - u. Suppose -f + 96 = y, -f + 289 = m*y - 195. Is y a prime number?
True
Let u(r) = r**2 + 5*r - 2. Let t be u(-6). Let f(v) = 17*v**3 + 7*v**2 + 10*v - 3. Is f(t) composite?
False
Let o be (-438960)/(-16) + 0/(-1). Suppose o = 10*q - 52955. Is q composite?
False
Let y(j) = -13316*j**3 + 7*j**2 + 2*j - 4. Let c(g) = -39946*g**3 + 20*g**2 + 6*g - 12. Let o(q) = -4*c(q) + 11*y(q). Is o(1) a composite number?
True
Suppose -17*s - j + 6515160 = 0, -3*s - 2*j + 1484567 = 334842. Is s a prime number?
False
Let k(c) = 3*c**2 - 3*c + 2. Let w be k(1). Let i(x) = 90*x**3 + x**2 + 5*x - 10. Let o be i(w). Let q = 963 + o. Is q prime?
False
Suppose -16*m = -73 - 55. Suppose m*n - 9*n = 3*t - 4738, -t = -5*n + 23706. Is n prime?
False
Suppose 15*b - 152307 - 294528 = 0. Is b a prime number?
True
Suppose -3*x + 21 = 12. Suppose 5*t + 66582 = 2*b + 6*t, -99884 = -x*b + 4*t. Is (b/(-16))/(-1) - (-3)/12 prime?
True
Let a = -39797 - -77677. Let m = a - 24231. Is m prime?
True
Suppose 3569935 = 3*w - 5*b, -5*w - 2*b + 3922011 = -2027922. Is w a composite number?
True
Suppose 2*c - 21198 + 5856 = -2*y, -y + 15340 = 2*c. Is c a prime number?
True
Let y = 400219 + -61592. Is y a prime number?
False
Suppose -2*v + 5*g + 28233 = 0, -16*g + 21*g = 5*v - 70560. Is v composite?
True
Let a(k) = k**2 - 46. Let m be a(7). Suppose 2*z - 8382 = 2*h + 2*h, -5*z - m*h + 21020 = 0. Is z a composite number?
False
Let u = 255 + -266. Is (-2 - 0) + u/((-33)/47061) a composite number?
True
Let g(c) = -3247*c - 30. Let j(r) = -9741*r - 93. Let f(u) = -7*g(u) + 2*j(u). Is f(1) prime?
True
Let g(p) = -184*p + 17. Suppose v + 26 = 3*s - 0, -25 = 5*v. Suppose 2*o + 2*l - 12 = s*l, -o = -5*l - 16. Is g(o) a prime number?
False
Let g be 2424/16*132/9. Suppose 0 = 9*v + 27220 - 81355. Let u = v - g. Is u a composite number?
False
Suppose 2*b - 6 = 0, -4*b - 202 = -4*s + 26. 